hundreds digit of 958096511?
5
What is the hundred thousands digit of 27046388?
0
What is the thousands digit of 3321625552?
5
What is the hundreds digit of 506219619?
6
What is the thousands digit of 1140135255?
5
What is the ten thousands digit of 143437078?
3
What is the ten thousands digit of 544251397?
5
What is the thousands digit of 2377055716?
5
What is the hundred millions digit of 8656869508?
6
What is the millions digit of 478128651?
8
What is the hundred thousands digit of 202538792?
5
What is the ten millions digit of 19387176?
1
What is the hundred thousands digit of 403084376?
0
What is the hundred millions digit of 891351075?
8
What is the thousands digit of 654537557?
7
What is the hundred thousands digit of 1484259577?
2
What is the units digit of 15537331?
1
What is the hundred thousands digit of 1814976493?
9
What is the millions digit of 2214166080?
4
What is the hundreds digit of 17839599?
5
What is the units digit of 239438734?
4
What is the ten thousands digit of 39578366?
7
What is the billions digit of 1583358454?
1
What is the billions digit of 1336456845?
1
What is the tens digit of 54455101?
0
What is the units digit of 294243805?
5
What is the tens digit of 466461665?
6
What is the millions digit of 139550034?
9
What is the ten thousands digit of 23990796?
9
What is the millions digit of 1369359734?
9
What is the tens digit of 55476254?
5
What is the thousands digit of 5048861767?
1
What is the ten thousands digit of 24537352?
3
What is the thousands digit of 17194562?
4
What is the hundred thousands digit of 138507338?
5
What is the hundred thousands digit of 235075682?
0
What is the ten millions digit of 645545048?
4
What is the units digit of 207508579?
9
What is the units digit of 4349960143?
3
What is the ten thousands digit of 119710684?
1
What is the tens digit of 42362075?
7
What is the thousands digit of 534692612?
2
What is the millions digit of 65480244?
5
What is the units digit of 102303896?
6
What is the hundred thousands digit of 126718209?
7
What is the tens digit of 3297177977?
7
What is the millions digit of 436698021?
6
What is the tens digit of 103581010?
1
What is the ten millions digit of 11414062?
1
What is the ten millions digit of 55919742?
5
What is the hundred millions digit of 467142872?
4
What is the tens digit of 219658480?
8
What is the thousands digit of 403405624?
5
What is the hundred thousands digit of 16621572?
6
What is the hundreds digit of 465817222?
2
What is the millions digit of 59601331?
9
What is the millions digit of 3256134028?
6
What is the thousands digit of 3403142861?
2
What is the units digit of 148327429?
9
What is the thousands digit of 415691302?
1
What is the thousands digit of 2061263428?
3
What is the ten millions digit of 2843423537?
4
What is the hundreds digit of 5400388908?
9
What is the ten millions digit of 31659686?
3
What is the tens digit of 68824958?
5
What is the ten thousands digit of 964131526?
3
What is the ten thousands digit of 10242344?
4
What is the hundred millions digit of 215355772?
2
What is the thousands digit of 399503878?
3
What is the hundreds digit of 542296036?
0
What is the billions digit of 4718709500?
4
What is the hundred thousands digit of 774947970?
9
What is the millions digit of 440011140?
0
What is the ten millions digit of 4006721714?
0
What is the hundred thousands digit of 3005754?
0
What is the hundreds digit of 22515693?
6
What is the hundreds digit of 349692657?
6
What is the hundred thousands digit of 2565618323?
6
What is the billions digit of 5552215232?
5
What is the hundreds digit of 2164420719?
7
What is the hundred thousands digit of 7723242?
7
What is the hundred thousands digit of 846299379?
2
What is the ten thousands digit of 356763985?
6
What is the ten millions digit of 119050148?
1
What is the ten millions digit of 26126193?
2
What is the ten thousands digit of 860780975?
8
What is the units digit of 89818694?
4
What is the tens digit of 149376584?
8
What is the hundred millions digit of 1926438515?
9
What is the units digit of 6856250?
0
What is the units digit of 256321258?
8
What is the hundreds digit of 964474153?
1
What is the hundreds digit of 1910774003?
0
What is the hundred thousands digit of 106445237?
4
What is the hundred millions digit of 678764424?
6
What is the tens digit of 904979743?
4
What is the hundreds digit of 158044820?
8
What is the thousands digit of 593275051?
5
What is the ten thousands digit of 59990646?
9
What is the millions digit of 15599606?
5
What is the millions digit of 118474703?
8
What is the ten thousands digit of 557742282?
4
What is the hundred millions digit of 2731220377?
7
What is the millions digit of 467112371?
7
What is the ten thousands digit of 21254664?
5
What is the hundred thousands digit of 2307763591?
7
What is the millions digit of 276215129?
6
What is the units digit of 53971373?
3
What is the units digit of 2411627212?
2
What is the tens digit of 1671484940?
4
What is the ten millions digit of 871128615?
7
What is the hundreds digit of 182161195?
1
What is the units digit of 84217387?
7
What is the hundred millions digit of 101952184?
1
What is the ten millions digit of 399322682?
9
What is the hundreds digit of 198106355?
3
What is the thousands digit of 810204568?
4
What is the hundreds digit of 3354313883?
8
What is the thousands digit of 90830567?
0
What is the hundreds digit of 2751693371?
3
What is the thousands digit of 5854445159?
5
What is the ten thousands digit of 1211457777?
5
What is the ten thousands digit of 129522677?
2
What is the hundreds digit of 314192195?
1
What is the millions digit of 15635785?
5
What is the tens digit of 404901048?
4
What is the ten thousands digit of 3202842?
0
What is the units digit of 392643682?
2
What is the hundreds digit of 471662795?
7
What is the ten millions digit of 3564999807?
6
What is the hundred thousands digit of 330231006?
2
What is the thousands digit of 232209848?
9
What is the units digit of 101081053?
3
What is the hundred thousands digit of 21810858?
8
What is the units digit of 58178486?
6
What is the hundred millions digit of 367205208?
3
What is the tens digit of 101673175?
7
What is the thousands digit of 115897848?
7
What is the ten thousands digit of 2636855025?
5
What is the thousands digit of 271029195?
9
What is the hundred thousands digit of 94902645?
9
What is the billions digit of 1034819741?
1
What is the units digit of 100198048?
8
What is the billions digit of 1682304537?
1
What is the tens digit of 43781901?
0
What is the tens digit of 58631874?
7
What is the hundreds digit of 3158225748?
7
What is the hundred millions digit of 2449981844?
4
What is the thousands digit of 83695069?
5
What is the tens digit of 50805482?
8
What is the hundred thousands digit of 296347452?
3
What is the hundred thousands digit of 61206064?
2
What is the thousands digit of 2854530497?
0
What is the hundreds digit of 48981634?
6
What is the hundred thousands digit of 136187829?
1
What is the ten thousands digit of 276451774?
5
What is the hundred millions digit of 178887261?
1
What is the units digit of 910021184?
4
What is the hundred thousands digit of 996103366?
1
What is the millions digit of 179267153?
9
What is the thousands digit of 43076524?
6
What is the hundred millions digit of 629615863?
6
What is the tens digit of 382805061?
6
What is the ten millions digit of 61785302?
6
What is the thousands digit of 361261072?
1
What is the billions digit of 6722813921?
6
What is the hundred thousands digit of 173094451?
0
What is the hundreds digit of 10196588?
5
What is the millions digit of 20839683?
0
What is the tens digit of 1124654333?
3
What is the ten millions digit of 46203482?
4
What is the millions digit of 1400538371?
0
What is the tens digit of 6356030?
3
What is the ten thousands digit of 38733614?
3
What is the thousands digit of 34744075?
4
What is the ten thousands digit of 4943552?
4
What is the tens digit of 101483623?
2
What is the thousands digit of 16562509?
2
What is the hundred thousands digit of 95872727?
8
What is the ten thousands digit of 14490845?
9
What is the units digit of 56183713?
3
What is the thousands digit of 132868815?
8
What is the billions digit 